ors of n(1).
1699
Let i = -392 - -484. What are the prime factors of i?
2, 23
What are the prime factors of 3 + 5353/4 + (-39)/(-52)?
2, 11, 61
Let v be ((-2)/(-5 - -1))/(6/12). List the prime factors of -48*(1 - 2) - v/(-1).
7
What are the prime factors of 9 - (-5 + -1643) - 7?
2, 3, 5, 11
Let y(j) = -182*j - 451. List the prime factors of y(-12).
1733
Let k(w) = 8*w**3 + 58 - 9*w**3 + 0*w**3 + w**2. List the prime factors of k(0).
2, 29
Let v(i) = i**3 - 4*i + 5. Let s be v(2). Suppose -4*b - s*a = -4*a - 634, -2*b + 3*a = -310. What are the prime factors of b?
2, 79
Let z = 480 - -440. What are the prime factors of z?
2, 5, 23
Let j(o) = -9*o + 98. List the prime factors of j(-17).
251
Let c = 7 - 134. Let i = 184 + c. List the prime factors of i.
3, 19
Let j(b) = 10*b + 17. Let u be j(18). Let d = -82 + u. List the prime factors of d.
5, 23
Let o(p) = p + 10. Let r be o(-8). Let z(x) = 10*x**2 + 4*x + 2. Let w be z(-2). Suppose -g + 2 = 0, -r*b + g = -w + 10. What are the prime factors of b?
13
Let j(y) be the first derivative of 3/2*y**2 + 2*y - 4. What are the prime factors of j(6)?
2, 5
Let q = -91 - -108. Suppose 204 = -5*j + q*j. What are the prime factors of j?
17
Suppose 0 = -5*t - 2*x + 3517 + 3775, -1448 = -t - 3*x. List the prime factors of t.
2, 5, 73
Let p = -17 - -78. Suppose -p - 30 = -v. What are the prime factors of v?
7, 13
Let i(f) = 9*f + 1. Let s be 6/(-10)*(-4 + -1). Let h be i(s). Let b = 48 - h. What are the prime factors of b?
2, 5
Suppose 0*c = 4*x - 4*c + 76, 0 = -3*c + 6. Let d = 5 - x. Suppose -3*z + n + 11 = -d, -25 = -z + 5*n. What are the prime factors of z?
2, 5
Suppose 17*i + 27*i - 968 = 0. List the prime factors of i.
2, 11
Let d(b) = -b. Let i be d(-3). Suppose -x + 55 = -5*w, -i*x + 2*x - 2*w = -55. List the prime factors of x.
5, 11
Let v = -201 - -2005. List the prime factors of v.
2, 11, 41
Let g be (-1 - (-3)/1) + -2. Let z be (g - (3 - 1)) + 11. Suppose 0 = -r, z*r + 74 = 2*o + 4*r. List the prime factors of o.
37
Suppose 1 = 2*j + 9. Let w(o) be the second derivative of -o**5/20 + o**4/12 + 2*o**3/3 + 3*o**2/2 + o. List the prime factors of w(j).
67
Let h(a) = 2*a**2 - 27*a - 69. List the prime factors of h(-29).
2, 599
Let v be -2*(-1)/(4/26). Let j(w) = -w**3 - 36*w**2 - 181*w - 33. Let p be j(-30). Let n = v - p. List the prime factors of n.
2
Let r(u) = -7*u + 18. Let o be r(4). List the prime factors of -9*o*20/24.
3, 5
Suppose 0 = 4*v - 6 - 6. Let g(c) = c**3 - 4*c**2 + 3*c + 3. Let o be g(v). Suppose -5*t + 16 = 3*p - 86, 4*t + o*p = 81. What are the prime factors of t?
3, 7
Suppose 0 = 4*c - 4*s - 508, -2*c - 2*s = -c - 136. Suppose 2*q = 5*k + c, -2*q + 3*k = -104 - 22. What are the prime factors of q?
2, 3, 5
Let k(g) = g**2 + 10*g - 32. Let a be k(-13). List the prime factors of -227*((-5)/a + (-16)/56).
227
Suppose 2*n = -0*n - 2*z + 4722, 2*n - 4743 = 5*z. List the prime factors of n.
2, 3, 197
Suppose -4*k + 24*a + 414 = 26*a, 5*k - 3*a - 545 = 0. List the prime factors of k.
2, 53
Let z be 40/12*30/25. Suppose 4*n + 157 = 5*x + n, 3*x - 92 = z*n. What are the prime factors of x?
2
Let y(a) = -a**3 + 13*a**2 - 9*a + 6. Let w be y(8). Let k = w - 112. List the prime factors of k.
2, 71
Let b = 114 + -14. List the prime factors of b.
2, 5
Let k be 2 + (-1)/(-1) - 3/1. Suppose k = -2*j + 4*i + 482, 6*j - 2*i = 4*j + 472. List the prime factors of j.
3, 7, 11
Let i(c) = -c**3 - c**2 - c - 1. Let h(q) = 3*q**3 + 13*q**2 - q - 4. Let n(o) = h(o) + 2*i(o). What are the prime factors of n(-11)?
3
Suppose -d - 5390 = 13*d. Let y = -260 - d. List the prime factors of y.
5
Let w(x) = 3*x**2 + 14*x - 14. Let b(h) = 7*h**2 + 27*h - 28. Let u(y) = -4*b(y) + 9*w(y). Let o be u(13). Let n = o + -10. What are the prime factors of n?
41
Let a(i) = -i**2 + 2*i - 1. Let u(y) = -y**3 - 8*y**2 - y - 6. Let n be u(-8). Let s be a(n). List the prime factors of s/(1*(-2)/74).
37
Suppose 13*s - 18*s = 220. List the prime factors of (s/10)/((-1332)/330 - -4).
11
Let n be 2/(-7) + 206/(-14). Let g = 21 + n. What are the prime factors of g?
2, 3
Let g be 1 + (-184)/16*-1*10. Suppose 2*f = -2*f + g. List the prime factors of f.
29
Suppose q + 20 = 5*y, 4*q = 3*y - 3 - 9. Suppose q = f - 4. Suppose f*m + m - 55 = 0. List the prime factors of m.
11
Let m(s) = 4*s**3 + 18*s**2 + s + 19. Let a be (-2)/(-4) - (-98)/(-28). Let w(c) = c**3 + c**2. Let h(t) = a*w(t) + m(t). List the prime factors of h(-15).
2
Suppose 3*p + 3*c = 6603, -16*p - 5*c = -12*p - 8800. What are the prime factors of p?
3, 5, 7
Suppose -5*l + 14 - 4 = 0. Suppose -5*r + j = -2*j - 60, -r - l*j = -12. List the prime factors of r/(-8)*(-136)/6.
2, 17
Suppose 10*y - 5064 = 7*y + 3*c, -y = -5*c - 1700. List the prime factors of y.
5, 337
Let h(u) = 0*u - 23 - 11 - 7*u. What are the prime factors of h(-14)?
2
Let r(a) = -2*a**3 + 8*a**2 + 11*a. Let z be r(-6). Let h = -450 + z. What are the prime factors of h?
2, 3, 17
List the prime factors of 2/((110/22365)/11) + 2.
5, 179
Let n = 997 - 494. List the prime factors of n.
503
Let q = -877 - -2067. List the prime factors of q.
2, 5, 7, 17
Let i = 4 + -2. Suppose -i*s = s - 54. Let z = s - 8. List the prime factors of z.
2, 5
Let k(q) = 3*q**3 - 13*q**2 + 10*q - 27. List the prime factors of k(9).
3, 7, 19
Let k(c) = c**2 - 9*c + 13*c + 2 - 7*c. Let t be k(2). Suppose y = -t*y + 9. What are the prime factors of y?
3
List the prime factors of 1/(1*((-7)/7)/(-4211)).
4211
Suppose 0*l - 15 = 3*l, -5*u + l = -505. Let d = 172 - u. List the prime factors of d.
2, 3
Let j(d) = -2*d + 12. Let y(s) = -s - 3. Let g be y(-3). Suppose g = 5*t, 5*h - h + 20 = -3*t. What are the prime factors of j(h)?
2, 11
Suppose 10 = 4*w - 3*s, -5*s = -4*w + 6 - 0. Suppose w*b = 4*z - b - 716, -b = -3*z + 548. List the prime factors of z.
2, 23
Let p be 15/(-2)*(2 + 8/(-3)). Suppose 626 = p*w + 4*c + 136, 4*w - 2*c = 392. What are the prime factors of w?
2, 7
Suppose 137 = -h - 3*d - 306, 0 = 2*d. Let k = 638 + h. List the prime factors of k.
3, 5, 13
Let g(a) = -a**3 - 17*a**2 - 39*a - 29. List the prime factors of g(-20).
1951
Suppose -6*y = -4*y + 488. Let m = -124 - y. Let b = -76 + m. List the prime factors of b.
2, 11
Suppose 3*t + s = 995, -8*t + 5*s = -12*t + 1312. List the prime factors of t.
3, 37
Let g be (-31 - (-1 + 5)) + -2. Let q = g + 69. Suppose 0 = -17*j + 13*j + q. What are the prime factors of j?
2
Let c(h) = h**2 + 15*h + 21. Let o be c(-14). Let x be 19*o/(14/8). Suppose 5*p = 10, 0 = -0*t + t + 3*p - x. What are the prime factors of t?
2, 5, 7
List the prime factors of (-130)/(-325) - ((-9236)/10 - -2).
2, 461
Let a(d) = d - 11*d**2 + d**3 + 10*d**3 - 2*d**3 + 14 - 8*d**3. Let q be 22*-1*2/(-4). What are the prime factors of a(q)?
5
Let z be ((-212)/(-6))/((-20)/(-30)). Suppose -3*t + z = j - 32, 211 = 3*j - 2*t. What are the prime factors of j?
73
Let a be -6 + 5 - (0 - 24). Suppose -2*r = -x - a, -2*r - 6*x = -x - 5. List the prime factors of r.
2, 5
Let c(q) be the second derivative of -q**4/12 - q**3/3 + 70*q**2 + 6*q. List the prime factors of c(0).
2, 5, 7
Let z = 2443 - 256. What are the prime factors of z?
3
Let q = 1 + 1. Suppose 3*i = q*s + 12, 30 = s - 6*s - 5*i. What are the prime factors of (-1)/(-3) - 184/s?
31
Let g = -34 + 34. Let p be 2/(-3)*9/(-2). Suppose g = -4*l - p*a + 244, -l = 5*a + 19 - 63. What are the prime factors of l?
2
Suppose 6*d = 19 + 11. Suppose -d*j + 992 - 2 = 0. What are the prime factors of j?
2, 3, 11
Let t = 841 - 566. List the prime factors of t.
5, 11
Let y(m) = 38*m + 9. Let a(u) = 77*u + 18. Let q(d) = -3*a(d) + 7*y(d). List the prime factors of q(3).
2, 3, 19
Suppose 3*x - 28 = x. Let q be ((-12)/x)/(2/(-14)). Let w(p) = -p**2 + 7*p + 10. What are the prime factors of w(q)?
2
Suppose 13*n + 7*n = 4600. What are the prime factors of n?
2, 5, 23
Let h = 86 + -51. Suppose 0 = 2*y - 4*f - 18, -1 + 7 = 3*f. Suppose y - h = -a. List the prime factors of a.
2, 11
Let h be -1 + 9 + -9 + 10. Suppose 3*d = h*d - 1800. What are the prime factors of d?
2, 3, 5
Let w(r) be the first derivative of -16*r**3/3 + r**2 + 2*r - 8. Let c be w(-1). What are the prime factors of 0/1 - (c - 0)?
2
Let j(w) = 10*w**3 - w**2 + 3*w - 1. Let v be j(2). Let l = 148 - v. List the prime f